ivisor of 34639 and 31537.
517
Calculate the greatest common divisor of 4902 and 494.
38
Calculate the greatest common divisor of 46578 and 973.
7
Calculate the greatest common factor of 937699 and 97.
97
Calculate the highest common divisor of 715400 and 1168.
584
Calculate the greatest common divisor of 47830 and 90.
10
What is the greatest common divisor of 6699 and 1760?
11
Calculate the highest common divisor of 125715 and 1015.
145
What is the highest common factor of 10642 and 56746?
34
What is the highest common divisor of 520 and 8040?
40
What is the greatest common factor of 32 and 5788?
4
What is the highest common factor of 8959482 and 1899?
1899
What is the greatest common factor of 24 and 36420?
12
What is the highest common factor of 8056 and 3344?
152
What is the highest common factor of 275 and 78705?
55
What is the highest common divisor of 8351 and 63?
7
What is the greatest common factor of 6 and 134898?
6
Calculate the highest common factor of 4356 and 243540.
396
What is the highest common divisor of 30 and 6190?
10
What is the greatest common factor of 732624 and 16?
16
Calculate the greatest common factor of 440 and 191720.
40
What is the greatest common factor of 170964 and 864?
108
What is the highest common divisor of 8308 and 10988?
268
Calculate the highest common factor of 527 and 391.
17
Calculate the highest common divisor of 144 and 66972.
12
Calculate the highest common divisor of 1524108 and 856.
428
Calculate the greatest common factor of 2194623 and 45.
9
What is the greatest common factor of 135 and 821340?
135
Calculate the highest common factor of 38 and 58425.
19
Calculate the greatest common divisor of 117 and 16939.
13
Calculate the greatest common divisor of 16 and 43408.
16
Calculate the highest common divisor of 1016 and 525780.
508
What is the highest common factor of 1444 and 752?
4
What is the greatest common factor of 2793690 and 4860?
810
What is the greatest common factor of 425 and 293675?
425
What is the highest common factor of 7452 and 1161?
27
Calculate the highest common divisor of 649 and 36521.
59
Calculate the greatest common factor of 332373 and 437.
23
What is the greatest common factor of 66125 and 483?
23
Calculate the greatest common divisor of 1037114 and 52.
26
Calculate the greatest common factor of 11843 and 2925.
13
What is the greatest common divisor of 640 and 612160?
320
Calculate the highest common factor of 555 and 70170.
15
Calculate the highest common factor of 18724 and 186.
62
Calculate the greatest common divisor of 71980 and 120780.
1220
What is the highest common divisor of 756819 and 41?
41
Calculate the highest common factor of 1218424 and 372.
124
What is the highest common factor of 5894 and 23632?
14
What is the highest common divisor of 290 and 2430?
10
What is the greatest common divisor of 2050 and 550?
50
What is the greatest common factor of 1799 and 14371?
7
Calculate the greatest common factor of 5304 and 91.
13
Calculate the highest common divisor of 188293 and 37.
37
Calculate the highest common divisor of 385 and 470.
5
What is the highest common divisor of 3499591 and 57?
19
Calculate the highest common divisor of 35640 and 480.
120
Calculate the greatest common divisor of 375 and 2075.
25
Calculate the greatest common factor of 56151 and 3.
3
What is the highest common factor of 31710 and 2240?
70
What is the greatest common factor of 496152 and 432?
216
Calculate the highest common divisor of 2539719 and 1323.
441
What is the highest common divisor of 12416 and 2304?
128
What is the greatest common divisor of 9639 and 679?
7
Calculate the highest common factor of 654 and 264.
6
Calculate the greatest common divisor of 1839 and 19003.
613
What is the highest common factor of 17812 and 54020?
292
Calculate the highest common factor of 672113 and 676.
169
What is the highest common factor of 43707 and 408?
51
What is the highest common factor of 66023 and 2060?
103
What is the greatest common factor of 928 and 65308?
116
What is the highest common factor of 33 and 29689?
11
What is the highest common factor of 17267 and 341?
31
What is the highest common factor of 31460 and 37960?
260
Calculate the highest common divisor of 1176 and 96936.
168
What is the highest common factor of 16827 and 25773?
213
Calculate the greatest common divisor of 14896 and 64.
16
Calculate the highest common factor of 298 and 4187496.
298
Calculate the greatest common divisor of 787849 and 461.
461
What is the highest common factor of 855 and 872005?
95
What is the greatest common factor of 35225 and 200?
25
What is the greatest common divisor of 910 and 69020?
70
Calculate the highest common factor of 335 and 25905.
5
Calculate the highest common factor of 6020 and 732935.
1505
Calculate the highest common divisor of 2669 and 19154.
157
Calculate the highest common factor of 35861 and 436.
109
Calculate the greatest common divisor of 213 and 58504.
71
Calculate the highest common factor of 39390 and 420.
30
Calculate the greatest common factor of 176121 and 18.
9
Calculate the highest common factor of 3968 and 69936.
496
What is the highest common factor of 33291 and 225?
9
What is the highest common divisor of 7004678 and 758?
758
Calculate the greatest common factor of 1890372 and 792.
132
Calculate the highest common factor of 1980 and 31140.
180
What is the greatest common divisor of 344 and 2096?
8
What is the greatest common factor of 249 and 718863?
249
What is the greatest common factor of 12 and 3865752?
12
What is the highest common divisor of 153 and 863515?
17
Calculate the highest common factor of 194700 and 45.
15
Calculate the greatest common factor of 19474 and 555758.
1498
What is the highest common factor of 16 and 619912?
8
Calculate the greatest common factor of 62958 and 168.
42
Calculate the greatest common factor of 258777 and 9.
9
What is the greatest common factor of 7470 and 2430?
90
What is the greatest common divisor of 864 and 31887?
27
What is the highest common divisor of 9150 and 120170?
610
What is the highest common factor of 693031 and 71?
71
Calculate the greatest common divisor of 37211 and 163494.
293
Calculate the greatest common factor of 1220007 and 159.
159
Calculate the greatest common factor of 168 and 8850.
6
What is the highest common factor of 32 and 1340752?
16
What is the greatest common divisor of 252 and 23526?
18
What is the highest common factor of 7676 and 11172?
76
Calculate the highest common divisor of 2220 and 41700.
60
What is the greatest common factor of 228 and 1152844?
76
Calculate the greatest common factor of 266 and 32081.
7
What is the greatest common divisor of 119 and 263024?
17
What is the greatest common divisor of 3382 and 19758?
178
What is the greatest common factor of 568 and 1509176?
568
What is the greatest common divisor of 454 and 1127509?
227
What is the greatest common divisor of 2435 and 355023?
487
Calculate the highest common factor of 31167 and 153.
9
What is the highest common factor of 152 and 14384?
8
What is the greatest common divisor of 3375 and 339?
3
What is the highest common factor of 464 and 156160?
16
What is the highest common divisor of 180 and 1332?
36
What is the greatest common factor of 44 and 1173392?
44
Calculate the greatest common divisor of 6438 and 1450.
58
What is the highest common factor of 72 and 23292?
36
Calculate the highest common factor of 286955 and 145.
145
What is the highest common factor of 300 and 174100?
100
What is the greatest common divisor of 10 and 1258990?
10
Calculate the greatest common divisor of 1168 and 20821936.
1168
What is the highest common divisor of 207186 and 42?
42
What is the greatest common divisor of 12 and 3092964?
12
What is the highest common factor of 1728727 and 13?
13
Calculate the highest common divisor of 1024 and 1821184.
512
Calculate the greatest common factor of 1176 and 654.
6
Calculate the greatest common factor of 1445 and 9435.
85
What is the greatest common factor of 2544 and 10388?
212
Calculate the greatest common factor of 61271 and 7.
7
What is the greatest common factor of 7018 and 3190?
638
Calculate the highest common divisor of 456 and 107208.
24
What is the highest common divisor of 26840 and 2